[INFO] cloning repository https://github.com/jdxcode/npm-rs
[INFO] running `Command { std: "git" "-c" "credential.helper=" "-c" "credential.helper=/workspace/cargo-home/bin/git-credential-null" "clone" "--bare" "https://github.com/jdxcode/npm-rs" "/workspace/cache/git-repos/https%3A%2F%2Fgithub.com%2Fjdxcode%2Fnpm-rs", kill_on_drop: false }`
[INFO] [stderr] Cloning into bare repository '/workspace/cache/git-repos/https%3A%2F%2Fgithub.com%2Fjdxcode%2Fnpm-rs'...
[INFO] running `Command { std: "git" "rev-parse" "HEAD", kill_on_drop: false }`
[INFO] [stdout] 0d96210930165765bc069f5caf78aa31a76bd4cd
[INFO] checking jdxcode/npm-rs against try#72f88fc4e9458f89516a0b8b0868f3718aec5b47 for pr-74989
[INFO] running `Command { std: "git" "clone" "/workspace/cache/git-repos/https%3A%2F%2Fgithub.com%2Fjdxcode%2Fnpm-rs" "/workspace/builds/worker-6/source", kill_on_drop: false }`
[INFO] [stderr] Cloning into '/workspace/builds/worker-6/source'...
[INFO] [stderr] done.
[INFO] validating manifest of git repo https://github.com/jdxcode/npm-rs on toolchain 72f88fc4e9458f89516a0b8b0868f3718aec5b47
[INFO] running `Command { std: "/workspace/cargo-home/bin/cargo" "+72f88fc4e9458f89516a0b8b0868f3718aec5b47" "read-manifest" "--manifest-path" "Cargo.toml", kill_on_drop: false }`
[INFO] started tweaking git repo https://github.com/jdxcode/npm-rs
[INFO] removed path dependency xx from git repo https://github.com/jdxcode/npm-rs
[INFO] finished tweaking git repo https://github.com/jdxcode/npm-rs
[INFO] tweaked toml for git repo https://github.com/jdxcode/npm-rs written to /workspace/builds/worker-6/source/Cargo.toml
[INFO] crate git repo https://github.com/jdxcode/npm-rs already has a lockfile, it will not be regenerated
[INFO] running `Command { std: "/workspace/cargo-home/bin/cargo" "+72f88fc4e9458f89516a0b8b0868f3718aec5b47" "fetch" "--locked" "--manifest-path" "Cargo.toml", kill_on_drop: false }`
[INFO] [stderr] warning: dependency (xx) specified without providing a local path, Git repository, or version to use. This will be considered an error in future versions
[INFO] [stderr]     Updating crates.io index
[INFO] [stderr] error: the lock file /workspace/builds/worker-6/source/Cargo.lock needs to be updated but --locked was passed to prevent this
[INFO] [stderr] If you want to try to generate the lock file without accessing the network, use the --offline flag.
[INFO] the lockfile is outdated, regenerating it
[INFO] running `Command { std: "/workspace/cargo-home/bin/cargo" "+72f88fc4e9458f89516a0b8b0868f3718aec5b47" "generate-lockfile" "--manifest-path" "Cargo.toml" "-Zno-index-update", kill_on_drop: false }`
[INFO] [stderr]     Blocking waiting for file lock on package cache
[INFO] running `Command { std: "/workspace/cargo-home/bin/cargo" "+72f88fc4e9458f89516a0b8b0868f3718aec5b47" "fetch" "--locked" "--manifest-path" "Cargo.toml", kill_on_drop: false }`
[INFO] [stderr] warning: dependency (xx) specified without providing a local path, Git repository, or version to use. This will be considered an error in future versions
[INFO] [stderr]     Blocking waiting for file lock on package cache
[INFO] [stderr]  Downloading crates ...
[INFO] [stderr]   Downloaded xx v0.1.4
[INFO] running `Command { std: "docker" "create" "-v" "/var/lib/crater-agent-workspace/builds/worker-6/target:/opt/rustwide/target:rw,Z" "-v" "/var/lib/crater-agent-workspace/builds/worker-6/source:/opt/rustwide/workdir:ro,Z" "-v" "/var/lib/crater-agent-workspace/cargo-home:/opt/rustwide/cargo-home:ro,Z" "-v" "/var/lib/crater-agent-workspace/rustup-home:/opt/rustwide/rustup-home:ro,Z" "-e" "SOURCE_DIR=/opt/rustwide/workdir" "-e" "CARGO_TARGET_DIR=/opt/rustwide/target" "-e" "CARGO_HOME=/opt/rustwide/cargo-home" "-e" "RUSTUP_HOME=/opt/rustwide/rustup-home" "-w" "/opt/rustwide/workdir" "-m" "1610612736" "--user" "0:0" "--network" "none" "rustops/crates-build-env@sha256:d92eaeed33fa75130ca1ee6c8a01d1ffb62bac859dfdfb3450e3e5d1c0146529" "/opt/rustwide/cargo-home/bin/cargo" "+72f88fc4e9458f89516a0b8b0868f3718aec5b47" "metadata" "--no-deps" "--format-version=1", kill_on_drop: false }`
[INFO] [stdout] dc9294bdd510d75593f5fd2dc8a907db03dc6508f522784467bb10b2b341f5e8
[INFO] [stderr] WARNING: Your kernel does not support swap limit capabilities or the cgroup is not mounted. Memory limited without swap.
[INFO] running `Command { std: "docker" "start" "-a" "dc9294bdd510d75593f5fd2dc8a907db03dc6508f522784467bb10b2b341f5e8", kill_on_drop: false }`
[INFO] running `Command { std: "docker" "inspect" "dc9294bdd510d75593f5fd2dc8a907db03dc6508f522784467bb10b2b341f5e8", kill_on_drop: false }`
[INFO] running `Command { std: "docker" "rm" "-f" "dc9294bdd510d75593f5fd2dc8a907db03dc6508f522784467bb10b2b341f5e8", kill_on_drop: false }`
[INFO] [stdout] dc9294bdd510d75593f5fd2dc8a907db03dc6508f522784467bb10b2b341f5e8
[INFO] running `Command { std: "docker" "create" "-v" "/var/lib/crater-agent-workspace/builds/worker-6/target:/opt/rustwide/target:rw,Z" "-v" "/var/lib/crater-agent-workspace/builds/worker-6/source:/opt/rustwide/workdir:ro,Z" "-v" "/var/lib/crater-agent-workspace/cargo-home:/opt/rustwide/cargo-home:ro,Z" "-v" "/var/lib/crater-agent-workspace/rustup-home:/opt/rustwide/rustup-home:ro,Z" "-e" "SOURCE_DIR=/opt/rustwide/workdir" "-e" "CARGO_TARGET_DIR=/opt/rustwide/target" "-e" "CARGO_INCREMENTAL=0" "-e" "RUST_BACKTRACE=full" "-e" "RUSTFLAGS=--cap-lints=forbid" "-e" "CARGO_HOME=/opt/rustwide/cargo-home" "-e" "RUSTUP_HOME=/opt/rustwide/rustup-home" "-w" "/opt/rustwide/workdir" "-m" "1610612736" "--user" "0:0" "--network" "none" "rustops/crates-build-env@sha256:d92eaeed33fa75130ca1ee6c8a01d1ffb62bac859dfdfb3450e3e5d1c0146529" "/opt/rustwide/cargo-home/bin/cargo" "+72f88fc4e9458f89516a0b8b0868f3718aec5b47" "check" "--frozen" "--all" "--all-targets" "--message-format=json", kill_on_drop: false }`
[INFO] [stdout] 71a5c1c4a9537a473af0eece215479db64f44e56b4155e2b503601439a6a8db1
[INFO] [stderr] WARNING: Your kernel does not support swap limit capabilities or the cgroup is not mounted. Memory limited without swap.
[INFO] running `Command { std: "docker" "start" "-a" "71a5c1c4a9537a473af0eece215479db64f44e56b4155e2b503601439a6a8db1", kill_on_drop: false }`
[INFO] [stderr] warning: dependency (xx) specified without providing a local path, Git repository, or version to use. This will be considered an error in future versions
[INFO] [stderr]    Compiling byteorder v1.3.4
[INFO] [stderr]     Checking futures v0.1.29
[INFO] [stderr]    Compiling semver-parser v0.7.0
[INFO] [stderr]    Compiling log v0.4.11
[INFO] [stderr]     Checking either v1.6.0
[INFO] [stderr]    Compiling version_check v0.9.2
[INFO] [stderr]     Checking scopeguard v1.1.0
[INFO] [stderr]    Compiling unicode-xid v0.2.1
[INFO] [stderr]     Checking rand_core v0.4.2
[INFO] [stderr]    Compiling syn v1.0.41
[INFO] [stderr]     Checking fnv v1.0.7
[INFO] [stderr]     Checking slab v0.4.2
[INFO] [stderr]     Checking matches v0.1.8
[INFO] [stderr]     Checking tinyvec v0.3.4
[INFO] [stderr]    Compiling pkg-config v0.3.18
[INFO] [stderr]    Compiling cc v1.0.59
[INFO] [stderr]     Checking itoa v0.4.6
[INFO] [stderr]     Checking adler v0.2.3
[INFO] [stderr]    Compiling serde v1.0.116
[INFO] [stderr]    Compiling typenum v1.12.0
[INFO] [stderr]     Checking gimli v0.22.0
[INFO] [stderr]     Checking foreign-types-shared v0.1.1
[INFO] [stderr]     Checking percent-encoding v1.0.1
[INFO] [stderr]     Checking hashbrown v0.9.0
[INFO] [stderr]    Compiling ryu v1.0.5
[INFO] [stderr]    Compiling failure_derive v0.1.8
[INFO] [stderr]    Compiling openssl v0.10.30
[INFO] [stderr]    Compiling httparse v1.3.4
[INFO] [stderr]     Checking object v0.20.0
[INFO] [stderr]    Compiling native-tls v0.2.4
[INFO] [stderr]    Compiling crc32fast v1.2.0
[INFO] [stderr]     Checking rustc-demangle v0.1.16
[INFO] [stderr]     Checking regex-syntax v0.6.18
[INFO] [stderr]     Checking try-lock v0.2.3
[INFO] [stderr]    Compiling rayon-core v1.8.0
[INFO] [stderr]     Checking openssl-probe v0.1.2
[INFO] [stderr]     Checking byte-tools v0.2.0
[INFO] [stderr]     Checking arrayref v0.3.6
[INFO] [stderr]     Checking fake-simd v0.1.2
[INFO] [stderr]     Checking dtoa v0.4.6
[INFO] [stderr]     Checking mime v0.3.16
[INFO] [stderr]     Checking safemem v0.3.3
[INFO] [stderr]    Compiling crossbeam-utils v0.7.2
[INFO] [stderr]    Compiling memoffset v0.5.5
[INFO] [stderr]    Compiling crossbeam-epoch v0.8.2
[INFO] [stderr]    Compiling miniz_oxide v0.4.2
[INFO] [stderr]    Compiling indexmap v1.6.0
[INFO] [stderr]     Checking try_from v0.3.2
[INFO] [stderr]    Compiling rayon v1.4.0
[INFO] [stderr]    Compiling rand_pcg v0.1.2
[INFO] [stderr]    Compiling rand_chacha v0.1.1
[INFO] [stderr]    Compiling rand v0.6.5
[INFO] [stderr]     Checking unicode-bidi v0.3.4
[INFO] [stderr]     Checking lock_api v0.3.4
[INFO] [stderr]     Checking rand_core v0.3.1
[INFO] [stderr]     Checking rand_jitter v0.1.4
[INFO] [stderr]     Checking foreign-types v0.3.2
[INFO] [stderr]    Compiling semver v0.9.0
[INFO] [stderr]     Checking unicode-normalization v0.1.13
[INFO] [stderr]    Compiling unicase v2.6.0
[INFO] [stderr]    Compiling error-chain v0.12.4
[INFO] [stderr]     Checking block-buffer v0.3.3
[INFO] [stderr]    Compiling proc-macro2 v1.0.21
[INFO] [stderr]     Checking rand_hc v0.1.0
[INFO] [stderr]     Checking rand_isaac v0.1.1
[INFO] [stderr]     Checking rand_xorshift v0.1.1
[INFO] [stderr]     Checking encoding_rs v0.8.24
[INFO] [stderr]     Checking iovec v0.1.4
[INFO] [stderr]     Checking net2 v0.2.35
[INFO] [stderr]     Checking time v0.1.44
[INFO] [stderr]     Checking rand_os v0.1.3
[INFO] [stderr]     Checking filetime v0.2.12
[INFO] [stderr]     Checking xattr v0.2.2
[INFO] [stderr]    Compiling rustc_version v0.2.3
[INFO] [stderr]     Checking tokio-sync v0.1.8
[INFO] [stderr]     Checking want v0.2.0
[INFO] [stderr]     Checking futures-cpupool v0.1.8
[INFO] [stderr]     Checking mio v0.6.22
[INFO] [stderr]    Compiling quote v1.0.7
[INFO] [stderr]     Checking tar v0.4.30
[INFO] [stderr]     Checking bytes v0.4.12
[INFO] [stderr]     Checking base64 v0.10.1
[INFO] [stderr]     Checking base64 v0.9.3
[INFO] [stderr]     Checking regex v1.3.9
[INFO] [stderr]     Checking flate2 v1.0.17
[INFO] [stderr]     Checking tokio-executor v0.1.10
[INFO] [stderr]     Checking crossbeam-queue v0.2.3
[INFO] [stderr]     Checking crossbeam-channel v0.4.4
[INFO] [stderr]    Compiling parking_lot_core v0.6.2
[INFO] [stderr]    Compiling parking_lot v0.9.0
[INFO] [stderr]    Compiling hyper v0.12.35
[INFO] [stderr]     Checking idna v0.1.5
[INFO] [stderr]     Checking idna v0.2.0
[INFO] [stderr]    Compiling openssl-sys v0.9.58
[INFO] [stderr]     Checking generic-array v0.9.0
[INFO] [stderr]     Checking tokio-current-thread v0.1.7
[INFO] [stderr]     Checking tokio-timer v0.2.13
[INFO] [stderr]     Checking tokio-io v0.1.13
[INFO] [stderr]     Checking http v0.1.21
[INFO] [stderr]     Checking string v0.2.1
[INFO] [stderr]     Checking tokio-buf v0.1.1
[INFO] [stderr]    Compiling mime_guess v2.0.3
[INFO] [stderr]     Checking addr2line v0.13.0
[INFO] [stderr]     Checking crossbeam-deque v0.7.3
[INFO] [stderr]     Checking digest v0.7.6
[INFO] [stderr]     Checking url v1.7.2
[INFO] [stderr]     Checking url v2.1.1
[INFO] [stderr]     Checking uuid v0.7.4
[INFO] [stderr]     Checking sha-1 v0.7.0
[INFO] [stderr]     Checking sha2 v0.7.1
[INFO] [stderr]     Checking tokio-threadpool v0.1.18
[INFO] [stderr]     Checking backtrace v0.3.50
[INFO] [stderr]     Checking tokio-reactor v0.1.12
[INFO] [stderr]     Checking publicsuffix v1.5.4
[INFO] [stderr]     Checking cookie v0.12.0
[INFO] [stderr]     Checking tokio-tcp v0.1.4
[INFO] [stderr]     Checking tokio v0.1.22
[INFO] [stderr]    Compiling synstructure v0.12.4
[INFO] [stderr]     Checking h2 v0.1.26
[INFO] [stderr]     Checking http-body v0.1.0
[INFO] [stderr]    Compiling serde_derive v1.0.116
[INFO] [stderr]     Checking failure v0.1.8
[INFO] [stderr]     Checking hyper-tls v0.3.2
[INFO] [stderr]     Checking serde_json v1.0.57
[INFO] [stderr]     Checking serde_urlencoded v0.5.5
[INFO] [stderr]     Checking cookie_store v0.7.0
[INFO] [stderr]     Checking reqwest v0.9.24
[INFO] [stderr]     Checking xx v0.1.4
[INFO] [stderr]     Checking npm-rs v0.1.0 (/opt/rustwide/workdir)
[INFO] [stdout] error[E0308]: mismatched types
[INFO] [stdout]    --> src/package_lock.rs:100:55
[INFO] [stdout]     |
[INFO] [stdout] 100 |                     xx::http::download(&dep.resolved, &file).unwrap();
[INFO] [stdout]     |                                                       ^^^^^ expected `str`, found struct `PathBuf`
[INFO] [stdout]     |
[INFO] [stdout]     = note: expected reference `&str`
[INFO] [stdout]                found reference `&PathBuf`
[INFO] [stdout] 
[INFO] [stdout] 
[INFO] [stdout] error[E0308]: mismatched types
[INFO] [stdout]    --> src/package_lock.rs:100:55
[INFO] [stdout]     |
[INFO] [stdout] 100 |                     xx::http::download(&dep.resolved, &file).unwrap();
[INFO] [stdout]     |                                                       ^^^^^ expected `str`, found struct `PathBuf`
[INFO] [stdout]     |
[INFO] [stdout]     = note: expected reference `&str`
[INFO] [stdout]                found reference `&PathBuf`
[INFO] [stdout] 
[INFO] [stdout] 
[INFO] [stdout] error[E0308]: mismatched types
[INFO] [stdout]    --> src/package_lock.rs:105:51
[INFO] [stdout]     |
[INFO] [stdout] 105 |                 xx::http::download(&dep.resolved, &file).unwrap();
[INFO] [stdout]     |                                                   ^^^^^ expected `str`, found struct `PathBuf`
[INFO] [stdout]     |
[INFO] [stdout]     = note: expected reference `&str`
[INFO] [stdout]                found reference `&PathBuf`
[INFO] [stdout] 
[INFO] [stdout] 
[INFO] [stdout] error[E0308]: mismatched types
[INFO] [stdout]    --> src/package_lock.rs:119:35
[INFO] [stdout]     |
[INFO] [stdout] 119 |         "sha1" => hash::file_sha1(path),
[INFO] [stdout]     |                                   ^^^^ expected `str`, found struct `Path`
[INFO] [stdout]     |
[INFO] [stdout]     = note: expected reference `&str`
[INFO] [stdout]                found reference `&Path`
[INFO] [stdout] 
[INFO] [stdout] 
[INFO] [stdout] error[E0308]: mismatched types
[INFO] [stdout]    --> src/package_lock.rs:105:51
[INFO] [stdout]     |
[INFO] [stdout] 105 |                 xx::http::download(&dep.resolved, &file).unwrap();
[INFO] [stdout]     |                                                   ^^^^^ expected `str`, found struct `PathBuf`
[INFO] [stdout]     |
[INFO] [stdout]     = note: expected reference `&str`
[INFO] [stdout]                found reference `&PathBuf`
[INFO] [stdout] 
[INFO] [stdout] 
[INFO] [stdout] error[E0308]: mismatched types
[INFO] [stdout]    --> src/package_lock.rs:120:39
[INFO] [stdout]     |
[INFO] [stdout] 120 |         "sha256" => hash::file_sha256(path),
[INFO] [stdout]     |                                       ^^^^ expected `str`, found struct `Path`
[INFO] [stdout]     |
[INFO] [stdout]     = note: expected reference `&str`
[INFO] [stdout]                found reference `&Path`
[INFO] [stdout] 
[INFO] [stdout] 
[INFO] [stdout] error[E0308]: mismatched types
[INFO] [stdout]    --> src/package_lock.rs:119:35
[INFO] [stdout]     |
[INFO] [stdout] 119 |         "sha1" => hash::file_sha1(path),
[INFO] [stdout]     |                                   ^^^^ expected `str`, found struct `Path`
[INFO] [stdout]     |
[INFO] [stdout]     = note: expected reference `&str`
[INFO] [stdout]                found reference `&Path`
[INFO] [stdout] 
[INFO] [stdout] 
[INFO] [stdout] error[E0308]: mismatched types
[INFO] [stdout]    --> src/package_lock.rs:121:39
[INFO] [stdout]     |
[INFO] [stdout] 121 |         "sha512" => hash::file_sha512(path),
[INFO] [stdout]     |                                       ^^^^ expected `str`, found struct `Path`
[INFO] [stdout]     |
[INFO] [stdout]     = note: expected reference `&str`
[INFO] [stdout]                found reference `&Path`
[INFO] [stdout] 
[INFO] [stdout] 
[INFO] [stdout] error: aborting due to 5 previous errors
[INFO] [stdout] 
[INFO] [stdout] 
[INFO] [stdout] For more information about this error, try `rustc --explain E0308`.
[INFO] [stdout] 
[INFO] [stdout] error[E0308]: mismatched types
[INFO] [stdout]    --> src/package_lock.rs:120:39
[INFO] [stdout]     |
[INFO] [stdout] 120 |         "sha256" => hash::file_sha256(path),
[INFO] [stdout]     |                                       ^^^^ expected `str`, found struct `Path`
[INFO] [stdout]     |
[INFO] [stdout]     = note: expected reference `&str`
[INFO] [stdout]                found reference `&Path`
[INFO] [stdout] 
[INFO] [stdout] 
[INFO] [stderr] error: could not compile `npm-rs`.
[INFO] [stderr] 
[INFO] [stderr] To learn more, run the command again with --verbose.
[INFO] [stderr] warning: build failed, waiting for other jobs to finish...
[INFO] [stdout] error[E0308]: mismatched types
[INFO] [stdout]    --> src/package_lock.rs:121:39
[INFO] [stdout]     |
[INFO] [stdout] 121 |         "sha512" => hash::file_sha512(path),
[INFO] [stdout]     |                                       ^^^^ expected `str`, found struct `Path`
[INFO] [stdout]     |
[INFO] [stdout]     = note: expected reference `&str`
[INFO] [stdout]                found reference `&Path`
[INFO] [stdout] 
[INFO] [stdout] 
[INFO] [stdout] error: aborting due to 5 previous errors
[INFO] [stdout] 
[INFO] [stdout] 
[INFO] [stdout] For more information about this error, try `rustc --explain E0308`.
[INFO] [stdout] 
[INFO] [stderr] error: build failed
[INFO] running `Command { std: "docker" "inspect" "71a5c1c4a9537a473af0eece215479db64f44e56b4155e2b503601439a6a8db1", kill_on_drop: false }`
[INFO] running `Command { std: "docker" "rm" "-f" "71a5c1c4a9537a473af0eece215479db64f44e56b4155e2b503601439a6a8db1", kill_on_drop: false }`
[INFO] [stdout] 71a5c1c4a9537a473af0eece215479db64f44e56b4155e2b503601439a6a8db1
